rime factors of i(13)?
2, 7, 13
Suppose 4*d = -12, -3*q - 5*d + 5769 = -10368. What are the prime factors of q?
2, 673
Suppose 13*f = -27806 + 186276. List the prime factors of f.
2, 5, 23, 53
Suppose -12*m + 95 = -241. What are the prime factors of (-4184)/(-7) + ((-76)/m - -3)?
2, 13, 23
Let p = -1359 - -1987. Let z = p - 276. List the prime factors of z.
2, 11
Suppose -4*g + 3*g = 8. Let r be (-132)/g - 9/(-6). Suppose r*a = 10*a + 1336. What are the prime factors of a?
167
Suppose -d + 55 = -12*d. What are the prime factors of 2036/6*d*(-21)/70?
509
Let w = 807 - 106. Let l = 196 + w. What are the prime factors of l?
3, 13, 23
Suppose 4*p + 5*o - 151796 = 151908, 3*o = -2*p + 151856. List the prime factors of p.
2, 18979
Suppose 38*o - 379288 = -29*o - 94806. List the prime factors of o.
2, 11, 193
Suppose -4*q = -10*q. Suppose 5*h + s - 121 = q, 0*s - 83 = -3*h + 2*s. What are the prime factors of h?
5
List the prime factors of (434/(-35))/(348/585 + 6/(-10)).
2, 3, 13, 31
Suppose m = 9, -45*m + 6598 = 4*r - 43*m. List the prime factors of r.
5, 7, 47
Suppose 256*z - 2*z = 39*z + 2741465. What are the prime factors of z?
41, 311
Suppose -6*o + 7*o = 3*q + 714, 0 = -2*o - 4*q + 1418. Suppose 0 = -o*k + 722*k - 9669. List the prime factors of k.
3, 293
Suppose -2*w + 3*n + 35337 = 0, -50*w - 2*n + 17672 = -49*w. What are the prime factors of w?
2, 3, 5, 19, 31
Suppose 0 = 5*t + 10, -t = 12*n - 7*n - 5328. What are the prime factors of n?
2, 13, 41
Let q(g) = -g**2 - 12*g + 8. Let f be q(-12). Let c(m) = m**3 - 9*m**2 + 9*m - 8. Let o be c(f). Let b(v) = -v + 31. List the prime factors of b(o).
31
Suppose -3*p + 1058 - 47 = 0. Let q = -179 + p. Suppose -l - 2*a = -a - 40, -5*a = 4*l - q. List the prime factors of l.
2, 3, 7
Let s be 5/((-12)/(-3) - 3). Suppose 5*j + 11 - 122 = -a, -26 = -2*j - s*a. List the prime factors of 3 + j + (3 - 0).
29
Let r = 20 - 26. Let d be 171/r*(-56)/12. Suppose h - d = -g, -g - 4*h = -h - 127. What are the prime factors of g?
2, 17
Suppose 0 = -2*v + 13 - 13. Suppose -s = -v*s - t - 10, -42 = -5*s + t. List the prime factors of (-1)/(1/(-64)) + s/8.
5, 13
Suppose 733 = -4*s - 3*v - 182, -1 = v. Suppose u = -2*j - 127, 0 = -5*u - 4*j - 312 - 299. Let m = u - s. List the prime factors of m.
109
Let a(m) = 862*m - 535. What are the prime factors of a(11)?
23, 389
Let n be 272/2 + 81/(-27). Let f = n + -129. Suppose -65 = -6*q + 2*q + 5*s, 3*q - 48 = f*s. What are the prime factors of q?
2, 5
Suppose -o = -3*o - 188. Let w = o + 96. List the prime factors of 20/(-90) - 2146/(-36)*w.
7, 17
Suppose 20*g - 2136828 = -14*g + 1038738. List the prime factors of g.
3, 163, 191
Let h = -6330 - -10149. What are the prime factors of h?
3, 19, 67
Let q(v) = v**2 + 5*v + 18. Suppose f = -2*z + 7, 0 = -f + 6*f - 5*z + 10. Let x be (1*-5)/(f/(0 + 2)). List the prime factors of q(x).
2, 17
Suppose 5*y - 41 = -11. Let m be ((-14)/y)/(6/1080*-4). Let p = m + -54. List the prime factors of p.
3, 17
What are the prime factors of ((-40)/8 - -11)*(-16494)/(-12)?
3, 2749
Suppose 5*g - g = 0, -n = -g - 8607. List the prime factors of n.
3, 19, 151
Let h(p) = -1086*p - 393. List the prime factors of h(-2).
3, 593
Let s(b) = -27*b - 1547. List the prime factors of s(-87).
2, 401
Let c = -421 - -420. What are the prime factors of ((-975)/(-6))/(3/(-18)*c)?
3, 5, 13
Let y(b) = 10*b - 148. Let c be y(16). List the prime factors of 4590/c + 6*(-5)/(-20).
2, 3
Suppose 4*b - 10 = -b. Suppose m + 19 = 5*h + 2*m, b = -2*m. Suppose 3*w + 270 = h*u + w, u - 60 = 2*w. What are the prime factors of u?
2, 5, 7
Let y(b) = b**3 - 14*b**2 + 25*b - 9. Let l be y(12). Suppose 0 = 3*x - r - 5128, l*x - 3459 = -3*r + 1665. What are the prime factors of x?
1709
Let k = 3987 + -779. Suppose -k + 15444 = 28*m. What are the prime factors of m?
19, 23
Suppose -j + 2 = -3*j. Let g be 52*4/2*j. Let v = 148 + g. List the prime factors of v.
2, 11
Suppose 9*j - 888 = 8*j + 3*i, 0 = -j + 2*i + 883. Suppose -4*k - k = -55. Suppose 2292 = k*d + j. What are the prime factors of d?
3, 43
Suppose -3*v + 2 = -2*t, -2*t + 35 = t + 5*v. Suppose 542 = -3*z - 4*m, 10*m = -4*z + t*m - 722. List the prime factors of -3 + (-1)/1*z.
5, 7
Suppose -k - 3*u + 5852 = 0, 4*u - 10973 = -2*k + 733. What are the prime factors of k?
5, 1171
Suppose 69*l = 8*l + 2335287 - 401282. List the prime factors of l.
5, 17, 373
Let a be 105/20 - 1/4. Let r be (a + -10)*(-144)/15. Let u = r + 3. List the prime factors of u.
3, 17
Let j(l) = -l**3 - 5*l**2 - 6*l - 7. Let z be j(-4). Let y(m) = 1162*m**3 + 2*m**2 - 2*m + 1. List the prime factors of y(z).
1163
Suppose 126773 = 11*y + 10*y - 79930. List the prime factors of y.
3, 17, 193
Suppose 8 = 4*k, -x + 29*k - 28*k = -27179. What are the prime factors of x?
7, 11, 353
Suppose 0 = 3*q + 1143 + 1071. Let o = -368 - q. List the prime factors of o.
2, 5, 37
Let k(u) = -18 - 4*u + 2*u + 0*u. Let d be k(-8). Let g(h) = -11*h**3 - 3*h**2 - 2*h. What are the prime factors of g(d)?
2, 5
Suppose 29*x + 92707 = 720528. List the prime factors of x.
21649
Suppose 3*s + 4 = -2*s + 4*i, 0 = -5*s + i - 1. Suppose s = -3*p - 3*p + 42. Suppose 0 = -4*u + p*u - 303. What are the prime factors of u?
101
Let l(h) = -4689*h**3 + 15*h + 13. What are the prime factors of l(-1)?
43, 109
Suppose 8*c - 652 = 1692. Suppose -c = -p - t, -p + 5*t + 374 = 105. What are the prime factors of p?
17
Suppose 1654 - 1238 = -8*u. Let a be (-71 - 0 - -2)*2. Let y = u - a. What are the prime factors of y?
2, 43
Suppose 0*z - 376 = 2*z. Let p = -91 - z. Suppose 29 = 7*y - p. What are the prime factors of y?
2, 3
Suppose 5*z + 589*h - 55760 = 594*h, -h = -4*z + 44611. List the prime factors of z.
19, 587
List the prime factors of (224/96)/(12/84636).
7, 2351
Let u(k) = -19*k**2 + 3*k + 6. Let x be u(5). Let v = x + 784. Let w = -124 + v. List the prime factors of w.
2, 103
What are the prime factors of 2/8 - 1339926/(-488)?
2, 1373
Suppose -3*n + 896 = 5*a, 35 = -5*n + 2*a + 1580. Suppose 0 = -7*y + n + 2353. What are the prime factors of y?
2, 5, 19
Suppose -5*v + 4*u = -u - 9310, -5*u - 25 = 0. Suppose 1864*k - 4438 = v*k. List the prime factors of k.
2, 317
Let w be 101/(-5) - (-7 + (-238)/(-35)). What are the prime factors of -43*(w - 1) - 3?
2, 3, 5
Suppose 5*g - 25 = 5*f, 9*g = 5*g + f + 23. Let a(c) = 8*c**3 - 6*c**2 - 3*c + 2. List the prime factors of a(g).
2, 11, 17
What are the prime factors of 178/(404/44 + -4 - 5)?
11, 89
Let n be 57 - ((-8 - -5) + 4)*-1. Let k = 378 - n. What are the prime factors of k?
2, 5
Suppose -44*b + 2 = -42*b. Let u(r) = 73*r**3 + 3*r**2 - 3*r + 1. Let m be u(b). Suppose 18*j - m = 17*j. What are the prime factors of j?
2, 37
Suppose -3*z + 30 = 21. Let l be (1/6*z)/((-11)/(-154)). Let s(t) = 4*t**2 - 4*t - 12. List the prime factors of s(l).
2, 3, 13
Let c = 3283 - -24304. List the prime factors of c.
7, 563
Let s(l) = -l**2 - 3*l + 8. Let w be s(-4). Suppose 3*b = -5*p - 1, w*p - 2*b - 6 = 2. Let f(z) = 89*z**3 + z**2 - 1. List the prime factors of f(p).
89
Let n be -1 - 24/8 - (-1 - -885). Let k = 600 - n. What are the prime factors of k?
2, 3, 31
Let g be (-3640)/(-195) + 4/3. List the prime factors of (-78220)/(-55) + g/(-110).
2, 3, 79
Suppose 5*c = -11*f + 82415, 29968 = 4*f + 12*c - 10*c. List the prime factors of f.
5, 1499
Let s be (-6 - -4) + 2 + 15. What are the prime factors of (1 - 21)/(s/(-135))?
2, 3, 5
Let x(o) = 9*o - 7. Let q(v) be the first derivative of v**3/3 + 6*v**2 + 17*v - 9. Let n be q(-11). What are the prime factors of x(n)?
47
Let r = -1574 + 7746. List the prime factors of r.
2, 1543
Let y = 77459 - 29596. What are the prime factors of y?
23, 2081
Let i = -121 + 142. Suppose i*m - 397 = 695. What are the prime factors of m?
2, 13
Suppose -185*k - 76340 = -4*p - 188*k, 5*k = p - 19085. What are the prime factors of p?
5, 11, 347
Suppose 9*o - 311210 = 57307 + 8871. What are the prime factors of o?
2, 11, 953
Let m(o) = 1233*o + 612. List the prime factors of m(10).
2, 3, 719
What are the prime factors of (99699/(-5))/((-1491)/4970)?
2, 167, 199
Let t(y) = -14*y + 7. Let g be t(-2). Suppose 0 = 10*d - g*d + 7050. List the prime factors of d.
2, 3, 47
Suppose 0 = 5*y + 4*x - 165506, -1056*y = -1061*y + 4*x + 165474. Li